ctor of f and 105.
5
Let t(m) = m**2 + 9*m + 30. Let h be t(15). What is the highest common factor of h and 156?
78
Let p = 679 - 673. What is the highest common factor of p and 33?
3
Let d be (-20*42/(-35))/(0 + 1). Calculate the highest common divisor of d and 60.
12
Let m be 0 + -1 - (-2 + 3055/(-5)). Calculate the greatest common divisor of 12 and m.
12
Suppose 61*a - 4*n - 65 = 58*a, 0 = -5*a - 5*n + 50. Calculate the greatest common factor of 2685 and a.
15
Let b be 63/(-4)*(-16)/6. Let i be (-4)/10*160/192*-42. What is the greatest common divisor of i and b?
14
Let f be (-2)/((-4)/(-2)) - (-14 + 15). Let g(m) = 3 + 1 - 3 + 2*m + 20*m**2. Let w be g(f). What is the greatest common divisor of 11 and w?
11
Suppose -3*t - 204 + 2604 = 0. Calculate the highest common factor of 25 and t.
25
Let o = -122 - -257. Let a(u) = 5 + u + u**2 + 0 + 2*u. Let n be a(-5). What is the greatest common divisor of o and n?
15
Let j(p) = -62*p - 216. Let a be j(-25). What is the highest common factor of a and 23?
23
Let d(w) = w + 20. Let g be d(-5). Let a = 39 - g. What is the highest common divisor of a and 60?
12
Let a be 12*1 - (1 + 0). Suppose -5*w + 45 = 5*x, 4*x - 30 = -2*w - w. Suppose -6*b = w*b - 396. Calculate the highest common factor of a and b.
11
Suppose 3*w - 4*p = 15, w + 3*p + 96 - 101 = 0. Suppose 0 = h + 3 - 23. What is the greatest common divisor of w and h?
5
Suppose 7*x - 3*x = 0. Let q(h) = -h + 0 + 0 - 2 - 42*h**3 + x + h**2. Let p be q(-1). What is the highest common factor of p and 21?
21
Let t = 338 - 328. Calculate the highest common factor of 1800 and t.
10
Let t = 31 - 31. Let v be t + 0 - 350/(-5). Calculate the highest common divisor of v and 10.
10
Suppose -5*i + 14 = 3*w, 0*w + 2*i = w - 1. Suppose -3*u - 3*k + 297 = 0, 0 = -w*u - k + 6*k + 273. What is the highest common factor of 16 and u?
16
Let o(w) = 0*w + 7*w**2 - 3*w + 2*w**2 - 3. Let b be 3/5 + (-312)/120. Let h be o(b). Calculate the highest common factor of h and 13.
13
Let l be (-40)/12*18/15. Let w be (l/2 - 1) + 5. Suppose 332 = w*r - 2*u, 3*u = -3*r + 2*u + 482. What is the greatest common factor of 18 and r?
18
Let u(l) = -l**3 - l**2 - l + 5. Let x be u(0). Suppose -x = -q - 3. Calculate the greatest common divisor of 5 and q.
1
Let m be (24/9)/((-2)/(-3)). Suppose -38*i + 33*i + 60 = 0. Let o be (-100)/30*i/(-10). What is the greatest common factor of m and o?
4
Suppose 5*u = 3*j + 9318, -76*u + 5586 = -73*u + 3*j. What is the highest common divisor of u and 23?
23
Suppose k - 9 = -3*u - 3, -3*k = 0. Let j(m) = 10*m**2 + m + 1. Let a be j(-1). What is the highest common factor of u and a?
2
Let u(w) = w**3 - 8*w**2 - 15*w + 9. Let q be u(10). Let m = q + -4. Calculate the highest common divisor of 10 and m.
5
Let w = 795 - 755. What is the highest common divisor of w and 5?
5
Let x(n) = -14*n + 654. Let k be x(36). Suppose 0 = -2*y - 0*i + i - 15, 5*y + 30 = i. Let l be -9*1*y/3. Calculate the highest common divisor of l and k.
15
Let q(a) = 9*a + 592. Let h be q(-63). Let x = 33 + -8. What is the greatest common factor of x and h?
25
Let c be 6 - (-1 - (2 - 5)). Suppose 2*l - 4*u + 4 = 0, -l - u - c = -4*l. Let d = 1034 + -1031. What is the highest common factor of d and l?
1
Let n = 88 - 86. What is the greatest common factor of n and 4?
2
Suppose 935 = 67*p - 740. What is the highest common factor of 230 and p?
5
Let d = 9 - -1. Suppose w - 60 = -5*w. What is the highest common factor of d and w?
10
Suppose 0 = 3*d - 12, r - 4*r = 5*d - 29. Suppose 0 = 4*x - 108 - 24. Calculate the greatest common divisor of r and x.
3
Let v be 16 + (2 + 0 - 3). Suppose 9*b - 11*b = -26. Suppose 0 = -b*t + 16*t - 15. Calculate the highest common divisor of t and v.
5
Suppose 6*a - 5*a = -5*n + 48, -3*n = 5*a - 20. Let h be (-9)/(-6)*n/(-6)*-4. Let i = -87 - -197. What is the highest common factor of h and i?
10
Suppose 2*r = -2*r - 3*m + 25, 24 = 3*r + 4*m. Suppose -5*d + 2*c + c = -96, r = -2*c. What is the highest common divisor of d and 198?
18
Suppose 0*d - 90 = -d. Let n(b) = 10*b**2. Suppose 0 = 5*u + 2*f + f + 11, -4*u + 2*f = 0. Let t be n(u). Calculate the highest common factor of t and d.
10
Let l = -58 + 87. What is the highest common factor of 232 and l?
29
Let j(v) = -2*v**3 + 3*v + 40. Let i be j(0). What is the highest common factor of 80 and i?
40
Let n = 760 - 446. Suppose 11*i = n + 302. Calculate the greatest common factor of 616 and i.
56
Let z be 974/4 - (-1)/(-2). Let n = 32 + z. Suppose 0 = -5*q + 13*o - 8*o + 115, -5*q = -3*o - 119. What is the greatest common divisor of n and q?
25
Let a(n) = 3*n. Let u be a(1). Suppose u*p + 12 = -3. Let l be (-140)/6*(p - -2). Calculate the greatest common divisor of l and 105.
35
Suppose 112*y = 105*y + 7161. Calculate the greatest common divisor of y and 93.
93
Let r = -11 - -22. Let s be 16/7 + 34/(-119). Let v be (s/(-4) - 0)*-2. What is the greatest common divisor of v and r?
1
Let d be ((-90)/(-12))/5*110. What is the greatest common divisor of 220 and d?
55
Let b(m) = -m + 7. Let n be b(4). Suppose -4*f - n*z = f - 34, 0 = -3*f - z + 22. Calculate the highest common divisor of f and 1.
1
Let i = 22 + 5. Suppose -5 - i = -8*r. What is the highest common divisor of 6 and r?
2
Suppose 1 = 4*f - 11. Suppose 3*p + q - 5*q + 38 = 0, 0 = f*p + 4*q - 2. Let z be (1 - -2) + (61 - p). What is the greatest common divisor of 28 and z?
14
Let p = 11 - 9. Suppose x - p*x - 4*g = -20, -x + 17 = 3*g. Suppose -32*w + 10*w = -1408. Calculate the highest common factor of w and x.
8
Let o(v) = 5*v + 6. Let b be o(6). Suppose 2*k = 3*x + 34, 4*k - 38 = 3*x + b. Let h = 106 + -96. Calculate the highest common divisor of k and h.
10
Let c be (6 - -4)/((-4)/(-2)). Let g be (12/30)/(1/c). Calculate the highest common divisor of g and 6.
2
Let a(q) = -37*q + 1. Let n be a(-1). Suppose -4*r + 2*b = n, -56 = r + 3*r + 4*b. Let k = 1 - r. What is the greatest common divisor of 18 and k?
6
Let c be -1*2*1/(-2). Let k be (c/3)/((-4)/(-48)). Suppose r = -k*r + z + 716, r - 2*z = 136. Calculate the highest common divisor of r and 18.
18
Suppose 2*b + 40 = 5*j, 3*j - 5*b - 15 = -j. Let c be (-26)/2*(-5)/j*12. Calculate the highest common divisor of c and 13.
13
Suppose 0 = 11*t - 848 - 208. Calculate the greatest common divisor of 32 and t.
32
Let o = -5 + -6. Let l(u) = u**2 + 11*u + 3. Let d be l(o). Suppose -d*j = -124 - 2. What is the highest common divisor of j and 21?
21
Let n = 40 + -33. Suppose 12*y - 180 = n*y. What is the highest common divisor of y and 24?
12
Suppose j - 6*j + 15 = 0. Let n be 27/j + -1 + 2. Suppose w - 2*w + n = 0. What is the greatest common factor of 40 and w?
10
Let f be 12/(-15)*(-10)/4. Suppose -f*v - m + 206 = 0, 3*v - 3*m = v + 222. What is the greatest common divisor of 70 and v?
35
Suppose 5*o + 73 = i - 371, 0 = -i + 3*o + 440. Calculate the greatest common factor of 62 and i.
62
Let z = -102 - -106. Suppose -z*d = -49 - 35. Calculate the greatest common divisor of 231 and d.
21
Let x be (-4)/(4 + -6)*(48 - 4). Calculate the highest common divisor of 22 and x.
22
Suppose 270 = -1044*w + 1054*w. Calculate the highest common divisor of w and 27.
27
Suppose -15*l = -10*l - 10. Suppose -4*f = 5*m - 297, l*f - 56 - 95 = -3*m. Suppose 157 = 5*w - f. What is the greatest common divisor of 18 and w?
9
Let t(i) = 8*i - 17. Let w(r) = -r. Let g(k) = t(k) + 2*w(k). Let b be g(7). Calculate the highest common factor of 125 and b.
25
Let h(d) = 49*d + 75. Let c be h(5). Calculate the greatest common factor of c and 64.
64
Suppose 11 = 7*o - 10. Suppose -5*y + 211 = -y - a, o*a - 251 = -5*y. Calculate the greatest common factor of 26 and y.
26
Let p be (-23)/5 - 8/20. Let h be (6/p + 2)*20. Suppose -i + h = i. What is the greatest common factor of i and 80?
8
Suppose -4*g + 5*h = -7*g + 68, -5*g + 2*h + 165 = 0. What is the highest common factor of g and 527?
31
Let p(h) = -h**2 + h - 1. Let t(r) = 21*r**2 - 24*r - 6. Let q(v) = 18*p(v) + t(v). Let k be q(10). What is the greatest common divisor of k and 24?
24
Let w be (731/(-68))/((-2)/8). Suppose 0 = 3*a + a - 28. Suppose -3*r - 2*o = -w, -r - 3*o + 26 = a. What is the greatest common factor of r and 143?
13
Let y(l) = -l**2 + 14. Let x be y(0). Let k be 